nder when 50445 is divided by 5040.
45
Calculate the remainder when 540301009 is divided by 10161.
10156
What is the remainder when 11934406 is divided by 2386878?
16
What is the remainder when 4394713 is divided by 727?
725
What is the remainder when 7413086 is divided by 2763?
2720
Calculate the remainder when 74336395 is divided by 1231.
1229
Calculate the remainder when 241931701 is divided by 9677268.
1
What is the remainder when 1969392 is divided by 283?
278
What is the remainder when 339790 is divided by 1370?
30
Calculate the remainder when 1194068 is divided by 250.
68
What is the remainder when 2792632 is divided by 53?
9
Calculate the remainder when 40901 is divided by 96.
5
Calculate the remainder when 213879 is divided by 10163.
456
Calculate the remainder when 784429 is divided by 784284.
145
What is the remainder when 166387 is divided by 514?
365
Calculate the remainder when 15173450 is divided by 856.
850
Calculate the remainder when 7001299 is divided by 7456.
115
What is the remainder when 6340025 is divided by 124314?
11
What is the remainder when 1957114 is divided by 1956766?
348
What is the remainder when 11381195 is divided by 5690557?
81
What is the remainder when 812101 is divided by 6153?
6058
Calculate the remainder when 8578974 is divided by 75920.
14
What is the remainder when 2488597 is divided by 553?
97
Calculate the remainder when 389191 is divided by 110.
11
What is the remainder when 31392198 is divided by 700?
698
What is the remainder when 126600 is divided by 63213?
174
Calculate the remainder when 4839880 is divided by 27976.
32
What is the remainder when 11943114 is divided by 46?
42
Calculate the remainder when 3017588 is divided by 20.
8
What is the remainder when 101964 is divided by 9961?
2354
Calculate the remainder when 4572139 is divided by 2793.
2791
Calculate the remainder when 4195228 is divided by 114.
28
Calculate the remainder when 1318156 is divided by 219.
214
Calculate the remainder when 1228988225 is divided by 113.
112
Calculate the remainder when 27515 is divided by 2779.
2504
Calculate the remainder when 132960 is divided by 258.
90
What is the remainder when 305304 is divided by 791?
769
Calculate the remainder when 10085253 is divided by 307.
303
What is the remainder when 895292 is divided by 922?
30
What is the remainder when 221927 is divided by 1206?
23
What is the remainder when 857272 is divided by 428?
416
What is the remainder when 249682 is divided by 22657?
455
What is the remainder when 382086897 is divided by 130?
127
What is the remainder when 92812989 is divided by 64?
61
Calculate the remainder when 102816 is divided by 1930.
526
Calculate the remainder when 151832 is divided by 125.
82
Calculate the remainder when 2076737 is divided by 531.
527
Calculate the remainder when 786254 is divided by 4369.
4203
Calculate the remainder when 84210 is divided by 83914.
296
Calculate the remainder when 33265 is divided by 33252.
13
What is the remainder when 770283 is divided by 1731?
1719
What is the remainder when 34127282 is divided by 207?
20
Calculate the remainder when 1134519 is divided by 37815.
69
Calculate the remainder when 2457377 is divided by 2734.
2245
What is the remainder when 68383933 is divided by 71?
70
What is the remainder when 23784208 is divided by 28450?
8
What is the remainder when 979843 is divided by 530?
403
What is the remainder when 39520583 is divided by 130?
63
What is the remainder when 362678 is divided by 9?
5
What is the remainder when 2518091 is divided by 878?
865
What is the remainder when 27621747 is divided by 39?
36
Calculate the remainder when 28992206 is divided by 272.
270
What is the remainder when 1415038 is divided by 707506?
26
What is the remainder when 7384609 is divided by 682?
595
What is the remainder when 55784204 is divided by 31?
14
What is the remainder when 13222033 is divided by 138?
115
What is the remainder when 2004541 is divided by 15539?
10
Calculate the remainder when 220498 is divided by 27515.
378
Calculate the remainder when 120665172 is divided by 1202.
1200
Calculate the remainder when 3008726 is divided by 1475.
1201
Calculate the remainder when 197883 is divided by 65784.
531
Calculate the remainder when 10093003 is divided by 205.
33
Calculate the remainder when 53506 is divided by 388.
350
Calculate the remainder when 272389 is divided by 28.
5
Calculate the remainder when 104264762 is divided by 166.
162
Calculate the remainder when 227654220 is divided by 82.
80
What is the remainder when 6343996 is divided by 1585996?
12
What is the remainder when 174407 is divided by 4057?
4013
Calculate the remainder when 5992 is divided by 1078.
602
What is the remainder when 2472367 is divided by 2582?
1393
What is the remainder when 80818 is divided by 16102?
308
What is the remainder when 401750 is divided by 14370?
13760
Calculate the remainder when 3432843165 is divided by 9374.
9373
Calculate the remainder when 706070 is divided by 100858.
64
Calculate the remainder when 2099738 is divided by 482.
146
Calculate the remainder when 119282 is divided by 3879.
2912
Calculate the remainder when 114468 is divided by 2866.
2694
What is the remainder when 8801373 is divided by 1632?
1629
What is the remainder when 7930290 is divided by 21091?
74
What is the remainder when 30975499 is divided by 1949?
42
Calculate the remainder when 39198 is divided by 783.
48
Calculate the remainder when 70655281 is divided by 194.
93
Calculate the remainder when 30602561 is divided by 426.
425
Calculate the remainder when 570857 is divided by 1367.
818
What is the remainder when 272199 is divided by 9699?
627
What is the remainder when 34954257 is divided by 844?
841
What is the remainder when 90420 is divided by 89837?
583
What is the remainder when 259413 is divided by 2647?
7
Calculate the remainder when 231778558 is divided by 12.
10
Calculate the remainder when 278522 is divided by 139237.
48
What is the remainder when 806863 is divided by 14649?
1168
Calculate the remainder when 1166532 is divided by 10323.
33
Calculate the remainder when 1563219 is divided by 209.
108
Calculate the remainder when 213695 is divided by 71055.
530
Calculate the remainder when 139477 is divided by 5933.
3018
Calculate the remainder when 15645 is divided by 15575.
70
What is the remainder when 14020 is divided by 6462?
1096
What is the remainder when 1009296 is divided by 504644?
8
Calculate the remainder when 324811 is divided by 17985.
1081
Calculate the remainder when 8266510 is divided by 24.
22
What is the remainder when 148101 is divided by 13097?
4034
Calculate the remainder when 7136913 is divided by 2378970.
3
Calculate the remainder when 883012 is divided by 23865.
7
What is the remainder when 2903403 is divided by 238?
41
Calculate the remainder when 121238871 is divided by 82.
67
What is the remainder when 48350 is divided by 3848?
2174
What is the remainder when 3469161 is divided by 76?
65
What is the remainder when 2354226097 is divided by 100?
97
Calculate the remainder when 158994887 is divided by 94.
91
What is the remainder when 672493 is divided by 16011?
31
Calculate the remainder when 3723862 is divided by 413762.
4
Calculate the remainder when 23547 is divided by 1939.
279
Calculate the remainder when 51276976 is divided by 946.
938
Calculate the remainder when 84811976 is divided by 789.
788
What is the remainder when 1616924 is divided by 4244?
4204
What is the remainder when 10432558 is divided by 51?
49
Calculate the remainder when 355869 is divided by 24939.
6723
What is the remainder when 20981979 is divided by 6993979?
42
Calculate the remainder when 70896190 is divided by 992.
926
What is the remainder when 392767 is divided by 98188?
15
What is the remainder when 820159855 is divided by 1576?
1575
Calculate the remainder when 293295 is divided by 1677.
1497
Calculate the remainder when 2528723 is divided by 2764.
2427
What is the remainder when 14936067 is divided by 6528?
3
Calculate the remainder when 4830019 is divided by 1609978.
85
Calculate the remainder when 7757586 is divided by 532.
494
What is the remainder when 1314490 is divided by 85?
50
What is the remainder when 6836889 is divided by 106?
101
